5332 - p. Is s prime?
True
Let s be (-7 + 12)*13857/(-3). Let g = s - -37872. Is g a composite number?
True
Let i(b) be the third derivative of b**6/120 - 13*b**5/30 - b**4 - 38*b**3/3 - b**2 + 4. Is i(35) a prime number?
False
Let n(w) = 12 - 5*w - 66*w**2 + 10 + 24 + 68*w**2 + 30. Is n(10) composite?
True
Let v(d) = -5*d + 20. Let r be v(-10). Let o be (-42)/r*5*-5. Suppose 10*h + 4385 = o*h. Is h a prime number?
True
Let w be 0 + ((-3282)/12)/((-2)/140). Let t = -13222 + w. Is t a prime number?
True
Let z(w) = 20491*w - 5388. Is z(7) composite?
True
Is (99/(-165) + 40226428/(-20))/(2/(-1)) a prime number?
True
Let o = -222 - -224. Is (569526/4)/23 - o/(-4) a prime number?
False
Suppose 6*v - 124 = 188. Let a be (-717578)/(-26) + (-8)/v. Suppose -5*u - 8*u = -a. Is u a prime number?
False
Let l = -536 - 4723. Let q = l + 14000. Is q composite?
False
Suppose -5*o + 68 - 13 = 2*l, 0 = 4*l - o - 55. Let w(u) = -6*u - 6 + 8*u**2 + 8*u - 11*u + 22 - 8*u. Is w(l) a prime number?
False
Let r(o) = 2*o**2 + 57*o - 75. Let j be r(-30). Suppose j*k - 84290 = 102805. Is k prime?
True
Let u(y) = -y**2 + 19*y - 11. Let b be u(18). Suppose -4*n + 21197 = -3*m, b*n = 8*n - m - 5300. Is n a composite number?
False
Suppose -2*h - 5*f + 320427 = 0, 3*h + 2*f = 6*h - 480593. Is h a composite number?
False
Suppose -5*o + 30832 = -4*d - 14009, -3*o = 2*d + 22415. Let h = 25902 + d. Suppose 3*f - h = -3614. Is f a prime number?
False
Let h = -220527 - -616238. Is h composite?
True
Let t(b) = b**3 - 14*b**2 - 46*b + 33. Let l be t(21). Let j = l + -1187. Is j a composite number?
False
Suppose 4*h - 20*h + 2854490 = -6*h. Is h prime?
False
Suppose 0 = 169*o - 76*o - 76*o - 8698747. Is o composite?
False
Let g(h) = -3*h**3 + 47*h**2 + 16*h + 6. Let x be g(16). Is (3/x)/((-3)/(-194754)) composite?
True
Let l = 36 + -42. Let y be -44*((-2)/l + (-15)/18). Is ((-2518)/(-4))/(11/y) prime?
True
Suppose -2*i - 471*o + 164682 = -470*o, i - 4*o = 82359. Is i prime?
False
Suppose 66*r - 66840 = 22*r + 868468. Is r a prime number?
False
Let b(i) = -25*i + 503. Let s(v) = 2*v - 1. Let d(w) = -b(w) - 6*s(w). Let k(n) = 15*n - 498. Let j(h) = -7*d(h) + 6*k(h). Is j(0) a prime number?
True
Let v be 11786397/(-15) + 208/(-40) + 5. Is (2/8)/((-60)/v) prime?
False
Let p = 26 - 9. Let o = -15 + p. Suppose -w + o*x = 4*w - 8909, x = -4*w + 7122. Is w a prime number?
False
Suppose -3*d - i = -184, 4*d - 8*d - 3*i + 252 = 0. Is d/(-80) - (-2)/((-8)/(-4295)) a composite number?
True
Let h be (-16)/10 + 0 + (-22)/55. Let p(x) be the third derivative of -23*x**6/120 + x**5/20 + 5*x**4/24 + 5*x**3/6 + 9*x**2. Is p(h) composite?
False
Let h(q) = q**2 + 2*q - 6. Let n be h(-4). Suppose 2*p - n = 6. Let b(o) = 253*o**2 - 6*o + 13. Is b(p) composite?
True
Suppose m = 2*u - 4*m - 220191, 0 = -5*u + 5*m + 550470. Is u prime?
False
Let v = -65181 + 137534. Is v composite?
False
Suppose 30*a - 7 = 29*a. Let z(b) = 123*b**2 + 21*b + 15. Is z(a) prime?
False
Is (-8 + 5)*(22097/(-3) + -6) a prime number?
False
Let w(c) = 2557*c - 1394. Is w(55) a prime number?
True
Suppose -93 = -23*o - 8*o. Let v(d) = 2972*d**2 - 8*d + 13. Is v(o) composite?
False
Let p = -610198 + 943409. Is p a composite number?
True
Let n(z) = -3*z**2 - 3*z + 4. Let g be n(-3). Let l be (6/(-7))/((-2)/g). Is (-3 - l)*235 - 4 composite?
False
Let r = 5750 - -21387. Is r prime?
False
Let u = 69 - 46. Let f = u + -16. Suppose -k + 895 = 4*z, -2*k + f*k - 4439 = -2*z. Is k a prime number?
True
Let j(k) = 38*k**2 + 16*k + 517. Is j(-19) a composite number?
False
Let y be 1357 - (8 - (-88)/(-8)). Suppose 0 = 3*p - 4*p + 2447. Let r = p - y. Is r composite?
False
Suppose 40 = 5*p + 2*o, 4*p + 5*o + 13 - 28 = 0. Suppose 12154 = p*j - 8896. Is j prime?
False
Let c(n) be the first derivative of -13*n**2 - 16*n + 5. Let s be c(-4). Suppose 0 = k + s - 575. Is k composite?
False
Suppose -5*a - 2 + 26 = -2*u, -6 = 3*a. Let h(s) = -s**3 - 3*s**2 - 46*s + 39. Is h(u) composite?
True
Suppose 76 = 18*b - 14. Suppose -b*m - 45 + 680 = 0. Is m prime?
True
Let v(c) = -10238*c - 39. Is v(-4) prime?
False
Let s be 0 - (-1 + 209844/(-6)). Let v = -24842 + s. Is v composite?
False
Let m = -8840 + 105331. Is m a prime number?
False
Let y be (74 - -2) + 1 + 73 + -73. Is 228006/12 - (-6 + y/14) a composite number?
False
Suppose -14199 = -2*z + 50261. Suppose 0 = 7*l - z + 5721. Is l a prime number?
False
Let o(u) = -u**2 - 5*u + 11. Let v be o(-6). Suppose 3*a - 30 = -v*j + 2*a, 4*j = a + 24. Is (3 - (-9471)/6)/(3/j) a prime number?
True
Let t(z) = 3*z**3 + 75*z**2 + 40*z - 95. Is t(30) a composite number?
True
Let d = -2884 - -6327. Suppose -4*r - d - 1532 = -3*q, -q + 1655 = 2*r. Is q prime?
True
Let x(u) = -17*u - 36. Let a be x(-3). Suppose -4*c + c + 2*v + 3213 = 0, 5*v - a = 0. Is c prime?
False
Let p(f) = -63*f**3 - f. Let y be p(-1). Suppose -758 = -y*n + 62*n. Is n prime?
True
Let a = -93456 - -171705. Is a prime?
False
Suppose t = 5*n - 107, 0 = 2*t - 0*t - 2*n + 206. Let b = t - 128. Let s = b + 521. Is s a composite number?
True
Let y(t) = -t**3 - 2*t**2 + 10*t + 8. Let s be y(-4). Suppose -z - 3 = -s. Let c(h) = 129*h**2 + 7*h + 1. Is c(z) a prime number?
False
Let s = 287 + -310. Let g(o) = 22*o**2 + 15*o - 12. Is g(s) prime?
False
Suppose 0 = 5*k, 7*c - 3*c - k - 15868 = 4*k. Is c a prime number?
True
Suppose b + 3*d = 199114, -3*b - 242*d + 597366 = -241*d. Is b composite?
True
Let n(b) = -56*b + 28*b + 11 + 27*b. Let q be n(8). Is 240/q - (0 - -1) a prime number?
True
Let q(r) = 2*r**2 + 6*r + 4. Let v be q(-3). Suppose -2*u = 4*i, 3*i = u + v*u. Suppose u = 2*s - 150 - 608. Is s composite?
False
Let g(t) = 30*t**3 + t**2 - 8*t. Let m be g(5). Let i = 208 + m. Is i composite?
False
Let v(o) = -o**2 - 20*o + 2. Let z be v(-20). Let k be (-5865)/(-10) - z/4. Suppose w - k = -w. Is w a composite number?
False
Suppose 4*d - 79 = 29. Let o be (-9327)/5 - d/45. Let y = o - -3263. Is y a prime number?
False
Suppose 24*a - 3*b - 18 = 25*a, 0 = 3*a + 4*b + 44. Is ((-192860)/(-30))/(a/(-18)) a prime number?
True
Let a(f) = 681*f**2 - 16*f + 29. Let p(t) = -2038*t**2 + 48*t - 87. Let h(u) = -11*a(u) - 4*p(u). Is h(4) composite?
True
Suppose 1684*y - 3*h = 1687*y - 436986, -5*y = 3*h - 728308. Is y composite?
False
Suppose 3*q = 1 - 226. Let g = q - -286. Let u = -126 + g. Is u a composite number?
True
Let l be (-4)/2 - (-8 + 11). Is (-4 - l - 2)*-43 a composite number?
False
Suppose -3*l + 15821 = 4*u, 3*u = -l + 3285 + 1982. Suppose -13*k + 27416 + l = 0. Is k composite?
True
Let y = 10768 + -7330. Suppose t - y = -5*t. Is t a composite number?
True
Let p(j) = -47*j**3 - 15*j**2 - 4*j - 11. Suppose 0 = -55*k + 61*k + 42. Is p(k) a composite number?
True
Let g = -10310 - -16023. Suppose 0 = 3*y - a - 7220, -3912 = -4*y + 3*a + g. Is y a composite number?
True
Suppose 0 = -387*f - 102094767 + 365065524. Is f a composite number?
True
Suppose 0 = 7*l + 25718 - 71512. Suppose 33*n + l = 35*n. Is n a composite number?
False
Let f(s) = 27*s**3 - s**2 + 4*s - 3. Let o be f(1). Suppose 37*w = o*w + 6770. Is w prime?
True
Let d = -56 + 63. Let y(s) = 38*s**2 + 2*s - 15. Let h be y(d). Suppose -3*j - 285 - h = -2*a, 0 = -2*j. Is a a prime number?
False
Suppose -2*m + 8*m = 414294. Suppose -3*b + p = -41436, -5*p = 5*b - 3*p - m. Is b prime?
False
Let g be ((-26)/6)/((-4)/(-72)). Let s be g/24 - 2/(-8). Is (8/s)/2 - 7479/(-81) a prime number?
False
Is (45/(-360))/((-1)/4846872) composite?
True
Suppose -k = 5*y - 3*y - 5, 4*k + 5*y = 14. Let s be (k + (-5)/2)*-2 + 2. Is -1*(-113)/(s + -3 + -1) a prime number?
True
Suppose h - 37*c + 38*c = 746873, 5*c - 20 = 0. Is h prime?
True
Let n = 51428 - 19425. Is n a composite number?
False
Let p(x) = 125*x**3 + 7*x**2 - 113*x + 673. Is p(6) a composite number?
True
Suppose -2*i - 24 = -6*w + 2*w, -3*w - 4*i = -40. Suppose 4*m = 0, -5*p = -w*p + 4*m + 9. Is p*(0 + 5 - 4 - -876) composite?
True
Let s = 59279 + -33895. Let c = s - 12006. Is c a composite number?
True
Suppose 3383*y = 3376*y + 378203. Is y prime?
False
Let j be ((-33590)/35)/(-2) - 1/(-7). Suppose 4*f = 4*y - j, -2*f + 3*y = -4*f - 250. Let w = f + 249. Is w composite?
False
Suppose 2*i - 2*a - 14 = 0, -7 = -i + 3*a - 4*a. Suppose -i*t = -24*t + 36958. Is 